{"id":113,"date":"2014-10-15T23:17:43","date_gmt":"2014-10-15T23:17:43","guid":{"rendered":"http:\/\/prueba1.presenteyaldia.com\/?page_id=113"},"modified":"2016-10-13T13:26:44","modified_gmt":"2016-10-13T13:26:44","slug":"tarifas","status":"publish","type":"page","link":"http:\/\/www.pensionandoain.com\/index.php\/tarifas\/","title":{"rendered":"TARIFAS"},"content":{"rendered":"<a href=\"http:\/\/www.pensionandoain.com\/wp-content\/uploads\/Tarifas.jpg\"><img class=\"aligncenter size-full wp-image-217\" src=\"http:\/\/www.pensionandoain.com\/wp-content\/uploads\/Tarifas.jpg\" alt=\"Tarifas\" width=\"6000\" height=\"4602\" \/><\/a>\r\n\r\n&nbsp;\r\n<h2>OFERTA ESPECIAL PARA TRABAJADORES y ESTUDIANTES<\/h2>\r\n<p style=\"text-align: justify;\"><a href=\"http:\/\/www.pensionandoain.com\/wp-content\/uploads\/rpo001-etiqueta-oferta-especial-250-ud_pic16704ni1w800h800t0.jpg\"><img class=\"alignleft wp-image-317 size-medium\" src=\"http:\/\/www.pensionandoain.com\/wp-content\/uploads\/rpo001-etiqueta-oferta-especial-250-ud_pic16704ni1w800h800t0-300x300.jpg\" alt=\"rpo001-etiqueta-oferta-especial-250-ud_pic16704ni1w800h800t0\" width=\"300\" height=\"300\" \/><\/a><\/p>\r\n<p style=\"text-align: justify;\"><em>En los meses de Octubre, Noviembre, Diciembre, Enero y Febrero ofrecemos...<\/em><\/p>\r\n<p style=\"text-align: justify;\"><strong>HABITACI\u00d3N DOBLE<\/strong> en r\u00e9gimen de alojamiento y desayuno <strong>\u00a040 \u20ac \/d\u00eda<\/strong><\/p>\r\n<p style=\"text-align: justify;\"><strong>HABITACI\u00d3N INDIVIDUAL<\/strong> en r\u00e9gimen de alojamiento y desayuno \u00a0<strong>30 \u20ac \/ d\u00eda.<\/strong><\/p>\r\n<p style=\"text-align: justify;\">NOTA: Estancia m\u00ednima de una semana<\/p>\r\n<p style=\"text-align: justify;\">Para <strong>condiciones y largas estancias ll\u00e1menos al 656 762 724<\/strong>.<\/p>\r\n<p style=\"text-align: justify;\">Le atenderemos gustosamente.<\/p>","protected":false},"excerpt":{"rendered":"<p>&nbsp; OFERTA ESPECIAL PARA TRABAJADORES y ESTUDIANTES En los meses de Octubre, Noviembre, Diciembre, Enero y Febrero ofrecemos&#8230; HABITACI\u00d3N DOBLE en r\u00e9gimen de alojamiento y desayuno \u00a040 \u20ac \/d\u00eda HABITACI\u00d3N INDIVIDUAL en r\u00e9gimen de alojamiento y desayuno \u00a030 \u20ac \/ d\u00eda. NOTA: Estancia m\u00ednima de una semana Para condiciones y largas estancias ll\u00e1menos al 656 762 724. Le atenderemos gustosamente.<\/p>\n<p> <a class=\"continue-reading-link\" href=\"http:\/\/www.pensionandoain.com\/index.php\/tarifas\/\"><span>Continue reading<\/span><i class=\"crycon-right-dir\"><\/i><\/a> <\/p>\n","protected":false},"author":1,"featured_media":0,"parent":0,"menu_order":5,"comment_status":"closed","ping_status":"closed","template":"templates\/template-twocolumns-right.php","meta":{"_et_pb_use_builder":"","_et_pb_old_content":""},"aioseo_notices":[],"_links":{"self":[{"href":"http:\/\/www.pensionandoain.com\/index.php\/wp-json\/wp\/v2\/pages\/113"}],"collection":[{"href":"http:\/\/www.pensionandoain.com\/index.php\/wp-json\/wp\/v2\/pages"}],"about":[{"href":"http:\/\/www.pensionandoain.com\/index.php\/wp-json\/wp\/v2\/types\/page"}],"author":[{"embeddable":true,"href":"http:\/\/www.pensionandoain.com\/index.php\/wp-json\/wp\/v2\/users\/1"}],"replies":[{"embeddable":true,"href":"http:\/\/www.pensionandoain.com\/index.php\/wp-json\/wp\/v2\/comments?post=113"}],"version-history":[{"count":13,"href":"http:\/\/www.pensionandoain.com\/index.php\/wp-json\/wp\/v2\/pages\/113\/revisions"}],"predecessor-version":[{"id":322,"href":"http:\/\/www.pensionandoain.com\/index.php\/wp-json\/wp\/v2\/pages\/113\/revisions\/322"}],"wp:attachment":[{"href":"http:\/\/www.pensionandoain.com\/index.php\/wp-json\/wp\/v2\/media?parent=113"}],"curies":[{"name":"wp","href":"https:\/\/api.w.org\/{rel}","templated":true}]}}

<a href="http://www.pensionandoain.com/wp-content/uploads/Tarifas.jpg"><img class="aligncenter size-full wp-image-217" src="http://www.pensionandoain.com/wp-content/uploads/Tarifas.jpg" alt="Tarifas" width="6000" height="4602" /></a>

&nbsp;
<h2>OFERTA ESPECIAL PARA TRABAJADORES y ESTUDIANTES</h2>
<p style="text-align: justify;"><a href="http://www.pensionandoain.com/wp-content/uploads/rpo001-etiqueta-oferta-especial-250-ud_pic16704ni1w800h800t0.jpg"><img class="alignleft wp-image-317 size-medium" src="http://www.pensionandoain.com/wp-content/uploads/rpo001-etiqueta-oferta-especial-250-ud_pic16704ni1w800h800t0-300x300.jpg" alt="rpo001-etiqueta-oferta-especial-250-ud_pic16704ni1w800h800t0" width="300" height="300" /></a></p>
<p style="text-align: justify;"><em>En los meses de Octubre, Noviembre, Diciembre, Enero y Febrero ofrecemos...</em></p>
<p style="text-align: justify;"><strong>HABITACIÓN DOBLE</strong> en régimen de alojamiento y desayuno <strong> 40 € /día</strong></p>
<p style="text-align: justify;"><strong>HABITACIÓN INDIVIDUAL</strong> en régimen de alojamiento y desayuno  <strong>30 € / día.</strong></p>
<p style="text-align: justify;">NOTA: Estancia mínima de una semana</p>
<p style="text-align: justify;">Para <strong>condiciones y largas estancias llámenos al 656 762 724</strong>.</p>
<p style="text-align: justify;">Le atenderemos gustosamente.</p>

<p>&nbsp; OFERTA ESPECIAL PARA TRABAJADORES y ESTUDIANTES En los meses de Octubre, Noviembre, Diciembre, Enero y Febrero ofrecemos&#8230; HABITACIÓN DOBLE en régimen de alojamiento y desayuno  40 € /día HABITACIÓN INDIVIDUAL en régimen de alojamiento y desayuno  30 € / día. NOTA: Estancia mínima de una semana Para condiciones y largas estancias llámenos al 656 762 724. Le atenderemos gustosamente.</p>
<p> <a class="continue-reading-link" href="http://www.pensionandoain.com/index.php/tarifas/"><span>Continue reading</span><i class="crycon-right-dir"></i></a> </p>
