{"id":337,"date":"2019-02-21T12:50:30","date_gmt":"2019-02-21T12:50:30","guid":{"rendered":"http:\/\/www.pensionandoain.com\/?page_id=337"},"modified":"2019-02-22T22:38:59","modified_gmt":"2019-02-22T22:38:59","slug":"portada","status":"publish","type":"page","link":"https:\/\/www.pensionandoain.com\/","title":{"rendered":""},"content":{"rendered":"[et_pb_section fb_built=\"1\" _builder_version=\"3.19.15\"][et_pb_row _builder_version=\"3.19.15\"][et_pb_column type=\"4_4\" _builder_version=\"3.19.15\"][et_pb_image src=\"http:\/\/www.pensionandoain.com\/wp-content\/uploads\/portada-pension-andoain-1.jpg\" _builder_version=\"3.19.15\"][\/et_pb_image][\/et_pb_column][\/et_pb_row][et_pb_row _builder_version=\"3.19.15\"][et_pb_column type=\"4_4\" _builder_version=\"3.19.15\"][et_pb_text _builder_version=\"3.19.15\"]<h1 style=\"text-align: center;\">\u00bfQui\u00e9nes somos?<\/h1>\n[\/et_pb_text][\/et_pb_column][\/et_pb_row][et_pb_row custom_margin=\"15px||\" _builder_version=\"3.19.15\"][et_pb_column type=\"1_2\" _builder_version=\"3.19.15\"][et_pb_image src=\"http:\/\/www.pensionandoain.com\/wp-content\/uploads\/logo.png\" force_fullwidth=\"on\" _builder_version=\"3.19.15\" custom_margin=\"0px||\"][\/et_pb_image][et_pb_text _builder_version=\"3.19.15\" custom_margin=\"85px||\"]<h3 style=\"text-align: center;\"><strong>REGISTRO Turismo Gobierno Vasco: H550769<\/strong><\/h3>\n[\/et_pb_text][\/et_pb_column][et_pb_column type=\"1_2\" _builder_version=\"3.19.15\"][et_pb_text _builder_version=\"3.19.15\"]<p><span>Pensi\u00f3n ANDOAIN, recientemente inaugurada en Noviembre de 2014, se encuentra en la Calle Arantzibia, N\u00ba 1 en Andoain (Gipuzkoa), a 15 Km de Donostia-San Sebasti\u00e1n. Nuestra oferta viene cubrir una necesidad de hospedaje que no exit\u00eda en Andoain y nuestro objetivo y motivaci\u00f3n es el ofertar el servicio con la mejor relaci\u00f3n calidad precio posible. En todas nuestras habitaciones (individuales y dobles) disponen de un moderno y funcional cuarto de ba\u00f1o, televisi\u00f3n, WIFI, etc . Dispondr\u00e1n de una zona com\u00fan d\u00f3nde podr\u00e1n disfrutar de alguna bebida y con una total libertad e intimidad en cuanto a capacidad de entrar y salir gracias a un moderno equipamiento que permite los accesos en base a unos c\u00f3digos temporales que le ser\u00e1n facilitados junto a la confirmaci\u00f3n de la reserva. En el entorno de la Pensi\u00f3n existen cafeter\u00edas y restaurantes que podr\u00e1n complementar nuestra oferta. Disfrute de su estancia en Andoain con nosotros y nos esforzaremos por que se sienta tan a gusto como en su propia casa\u2026<\/span><\/p>\n[\/et_pb_text][\/et_pb_column][\/et_pb_row][et_pb_row _builder_version=\"3.19.15\"][et_pb_column type=\"4_4\" _builder_version=\"3.19.15\"][et_pb_text _builder_version=\"3.19.15\"]<h1 style=\"text-align: center;\">\u00bfQu\u00e9 le ofrecemos?<\/h1>\n[\/et_pb_text][\/et_pb_column][\/et_pb_row][et_pb_row _builder_version=\"3.19.15\"][et_pb_column type=\"1_3\" _builder_version=\"3.19.15\"][et_pb_image src=\"http:\/\/www.pensionandoain.com\/wp-content\/uploads\/wifi.jpg\" _builder_version=\"3.19.15\" border_radii=\"on|15px|15px|15px|15px\" border_width_all=\"2px\"][\/et_pb_image][et_pb_text _builder_version=\"3.19.15\"]<p style=\"text-align: justify;\"><span><strong>WIFI Gratuito:<\/strong>\u00a0Ofrecemos conexi\u00f3n a Internet (WIFI) e<\/span><span style=\"word-spacing: inherit;\">n todas nuestras habitaciones.<\/span><\/p>\n[\/et_pb_text][\/et_pb_column][et_pb_column type=\"1_3\" _builder_version=\"3.19.15\"][et_pb_image src=\"http:\/\/www.pensionandoain.com\/wp-content\/uploads\/banio.jpg\" _builder_version=\"3.19.15\" border_radii=\"on|15px|15px|15px|15px\" border_width_all=\"2px\"][\/et_pb_image][et_pb_text _builder_version=\"3.19.15\"]<p><strong>Cuarto de ba\u00f1o<\/strong> en todas las habitaciones.<\/p>\n[\/et_pb_text][\/et_pb_column][et_pb_column type=\"1_3\" _builder_version=\"3.19.15\"][et_pb_image src=\"http:\/\/www.pensionandoain.com\/wp-content\/uploads\/habitacion.jpg\" _builder_version=\"3.19.15\" border_radii=\"on|15px|15px|15px|15px\" border_width_all=\"2px\"][\/et_pb_image][et_pb_text _builder_version=\"3.19.15\"]<p>Ya sea <strong>individual o doble,<\/strong> disfrute de una habitaci\u00f3n moderna, funcional, c\u00f3moda y limpia.<\/p>\n[\/et_pb_text][\/et_pb_column][\/et_pb_row][et_pb_row _builder_version=\"3.19.15\"][et_pb_column type=\"1_3\" _builder_version=\"3.19.15\"][et_pb_image src=\"http:\/\/www.pensionandoain.com\/wp-content\/uploads\/television.jpg\" _builder_version=\"3.19.15\" border_radii=\"on|15px|15px|15px|15px\" border_width_all=\"2px\"][\/et_pb_image][et_pb_text _builder_version=\"3.19.15\"]<p style=\"text-align: justify;\"><strong>Servicio de TV:<\/strong>\u00a0<span>Todas nuestras habitaciones est\u00e1n equipadas con TV de forma gratuita.<\/span><\/p>\n[\/et_pb_text][\/et_pb_column][et_pb_column type=\"1_3\" _builder_version=\"3.19.15\"][et_pb_image src=\"http:\/\/www.pensionandoain.com\/wp-content\/uploads\/hondarribia-aeropuerto-aireportua-inigo-olaizola-ayensa_foto610x342.jpg\" _builder_version=\"3.19.15\" border_radii=\"on|15px|15px|15px|15px\" border_width_all=\"2px\"][\/et_pb_image][et_pb_text _builder_version=\"3.19.15\"]<p style=\"text-align: justify;\"><strong>Traslado Aeropuerto:\u00a0\u00a0<\/strong>Si lo necesita podemos traerle o llevarle al Aeropuerto de Hondarribia.<\/p>\n[\/et_pb_text][\/et_pb_column][et_pb_column type=\"1_3\" _builder_version=\"3.19.15\"][et_pb_image src=\"http:\/\/www.pensionandoain.com\/wp-content\/uploads\/406125-PCVR66-416-1.jpg\" _builder_version=\"3.19.15\" border_radii=\"on|15px|15px|15px|15px\" border_width_all=\"2px\"][\/et_pb_image][et_pb_text _builder_version=\"3.19.15\"]<p style=\"text-align: justify;\"><strong>Bicicletas para su disfrute...<\/strong> (Consulte disponibilidad en las fechas que necesite)<\/p>\n[\/et_pb_text][\/et_pb_column][\/et_pb_row][et_pb_row _builder_version=\"3.19.15\"][et_pb_column type=\"4_4\" _builder_version=\"3.19.15\"][et_pb_text _builder_version=\"3.19.15\"]<h1 style=\"text-align: center;\">Estas son nuestras ofertas m\u00e1s recientes...<\/h1>\n[\/et_pb_text][\/et_pb_column][\/et_pb_row][et_pb_row _builder_version=\"3.19.15\"][et_pb_column type=\"4_4\" _builder_version=\"3.19.15\"][et_pb_post_slider posts_number=\"5\" show_meta=\"off\" _builder_version=\"3.19.15\" background_color=\"#5ace33\"][\/et_pb_post_slider][\/et_pb_column][\/et_pb_row][\/et_pb_section]","protected":false},"excerpt":{"rendered":"<p>[et_pb_section fb_built=\u00bb1&#8243; _builder_version=\u00bb3.19.15&#8243;][et_pb_row _builder_version=\u00bb3.19.15&#8243;][et_pb_column type=\u00bb4_4&#8243; _builder_version=\u00bb3.19.15&#8243;][et_pb_image src=\u00bbhttp:\/\/www.pensionandoain.com\/wp-content\/uploads\/portada-pension-andoain-1.jpg\u00bb _builder_version=\u00bb3.19.15&#8243;][\/et_pb_image][\/et_pb_column][\/et_pb_row][et_pb_row _builder_version=\u00bb3.19.15&#8243;][et_pb_column type=\u00bb4_4&#8243; _builder_version=\u00bb3.19.15&#8243;][et_pb_text _builder_version=\u00bb3.19.15&#8243;]\u00bfQui\u00e9nes somos? [\/et_pb_text][\/et_pb_column][\/et_pb_row][et_pb_row custom_margin=\u00bb15px||\u00bb _builder_version=\u00bb3.19.15&#8243;][et_pb_column type=\u00bb1_2&#8243; _builder_version=\u00bb3.19.15&#8243;][et_pb_image src=\u00bbhttp:\/\/www.pensionandoain.com\/wp-content\/uploads\/logo.png\u00bb force_fullwidth=\u00bbon\u00bb _builder_version=\u00bb3.19.15&#8243; custom_margin=\u00bb0px||\u00bb][\/et_pb_image][et_pb_text _builder_version=\u00bb3.19.15&#8243; custom_margin=\u00bb85px||\u00bb]REGISTRO Turismo Gobierno Vasco: H550769 [\/et_pb_text][\/et_pb_column][et_pb_column type=\u00bb1_2&#8243; _builder_version=\u00bb3.19.15&#8243;][et_pb_text _builder_version=\u00bb3.19.15&#8243;]Pensi\u00f3n ANDOAIN, recientemente inaugurada en Noviembre de 2014, se encuentra en la Calle Arantzibia, N\u00ba 1 en Andoain (Gipuzkoa), a 15 Km de Donostia-San Sebasti\u00e1n. Nuestra oferta viene cubrir una necesidad de hospedaje que no exit\u00eda en Andoain y nuestro objetivo y motivaci\u00f3n es el ofertar el servicio con\u2026<\/p>\n<p> <a class=\"continue-reading-link\" href=\"https:\/\/www.pensionandoain.com\/\"><span>Continue reading<\/span><i class=\"crycon-right-dir\"><\/i><\/a> <\/p>\n","protected":false},"author":1,"featured_media":0,"parent":0,"menu_order":0,"comment_status":"closed","ping_status":"closed","template":"templates\/template-onecolumn.php","meta":{"_et_pb_use_builder":"on","_et_pb_old_content":""},"aioseo_notices":[],"_links":{"self":[{"href":"https:\/\/www.pensionandoain.com\/index.php\/wp-json\/wp\/v2\/pages\/337"}],"collection":[{"href":"https:\/\/www.pensionandoain.com\/index.php\/wp-json\/wp\/v2\/pages"}],"about":[{"href":"https:\/\/www.pensionandoain.com\/index.php\/wp-json\/wp\/v2\/types\/page"}],"author":[{"embeddable":true,"href":"https:\/\/www.pensionandoain.com\/index.php\/wp-json\/wp\/v2\/users\/1"}],"replies":[{"embeddable":true,"href":"https:\/\/www.pensionandoain.com\/index.php\/wp-json\/wp\/v2\/comments?post=337"}],"version-history":[{"count":11,"href":"https:\/\/www.pensionandoain.com\/index.php\/wp-json\/wp\/v2\/pages\/337\/revisions"}],"predecessor-version":[{"id":371,"href":"https:\/\/www.pensionandoain.com\/index.php\/wp-json\/wp\/v2\/pages\/337\/revisions\/371"}],"wp:attachment":[{"href":"https:\/\/www.pensionandoain.com\/index.php\/wp-json\/wp\/v2\/media?parent=337"}],"curies":[{"name":"wp","href":"https:\/\/api.w.org\/{rel}","templated":true}]}}